{"id":2011,"date":"2026-01-28T21:00:41","date_gmt":"2026-01-28T20:00:41","guid":{"rendered":"https:\/\/hysao.art\/?page_id=2011"},"modified":"2026-01-28T21:01:23","modified_gmt":"2026-01-28T20:01:23","slug":"2026-2","status":"publish","type":"page","link":"https:\/\/hysao.art\/?page_id=2011","title":{"rendered":"2026"},"content":{"rendered":"<!-- PhotoBlocks for WordPress v1.3.1 free --><style> #photoblocks-13 {width: 100%;} #photoblocks-13 .pb-block {border-color: #333333;} #photoblocks-13 .pb-title {color: #ffffff;font-size: 14px;} #photoblocks-13 .pb-description {color: rgba(255, 255, 255, 0.7);font-size: 11px;} #photoblocks-13 .pb-block.pb-type-text .pb-overlay {} #photoblocks-13 .pb-block.pb-type-text .pb-title, #photoblocks-13 .pb-block.pb-type-text .pb-description {} #photoblocks-13 .pb-block.pb-type-text .pb-title {} #photoblocks-13 .pb-block.pb-type-text .pb-description {} #photoblocks-13 .pb-overlay {background: rgba(0, 0, 0, 0.75);} #photoblocks-13.pb-lift.show-empty-overlay .pb-block.pb-type-image:hover, #photoblocks-13.pb-lift .pb-block.pb-type-image.with-text:hover { box-shadow: rgba(0, 0, 0, 0.75) 0 0 20px; } #photoblocks-13 .pb-block { } #photoblocks-13 .pb-block .pb-social button {color: #ffffff;font-size: 14px;} #photoblocks-13 .pb-blocks .pb-type-image {max-width: calc( 100% - 5px )}<\/style><div class=\"photoblocks-gallery pb-blur pb-lift pb-effect-fade\" data-anim=\"fade\" id=\"photoblocks-13\"> <div class=\"pb-blocks\"> <div class=\"pb-block with-text with-social-or-text pb-landscape pb-width pb-type-image \" style=\"\" data-filters=\"\" data-colspan=\"1\" data-rowspan=\"1\" data-col=\"0\" data-row=\"0\" data-valign=\"center\" data-halign=\"center\" data-type=\"image\" data-ratio=\"1.0006622516556\"> <img decoding=\"async\" class=\"pb-image skip-lazy \" src=\"data:image\/png;base64,iVBORw0KGgoAAAANSUhEUgAAAAEAAAABCAYAAAAfFcSJAAAADUlEQVR42mNkYPhfDwAChwGA60e6kgAAAABJRU5ErkJggg==\" data-pb-source=\"https:\/\/hysao.art\/wp-content\/uploads\/2026\/04\/20260315_09275-equilibre-entre-la-pensee-et-le-couleur.jpg\" alt=\"\u00e9quilibre entre la pens\u00e9e et le couleur\"> <noscript><img decoding=\"async\" src=\"https:\/\/hysao.art\/wp-content\/uploads\/2026\/04\/20260315_09275-equilibre-entre-la-pensee-et-le-couleur.jpg\" alt=\"\u00e9quilibre entre la pens\u00e9e et le couleur\"><\/noscript> <a class=\"pb-link \" data-magnific=\"gallery-13\" data-caption=\"encre de chine, acyclique, pigment et fusain. 60cm x 60cm\" rel=\"\" target=\"\" href=\"https:\/\/hysao.art\/wp-content\/uploads\/2026\/04\/20260315_09275-equilibre-entre-la-pensee-et-le-couleur.jpg\"> <div class=\"pb-overlay\" style=\"\"> <div class=\"pb-caption-top\"> <span class=\"pb-title pb-caption-center\" style=\"\">\u00e9quilibre entre la pens\u00e9e et le couleur<\/span> <span class=\"pb-description pb-caption-center\" style=\"\">encre de chine, acyclique, pigment et fusain. 60cm x 60cm<\/span> <\/div> <\/div> <\/a> <\/div> <div class=\"pb-block with-text with-social-or-text pb-landscape pb-width pb-type-image \" style=\"\" data-filters=\"\" data-colspan=\"1\" data-rowspan=\"1\" data-col=\"1\" data-row=\"0\" data-valign=\"center\" data-halign=\"center\" data-type=\"image\" data-ratio=\"1.0012430080796\"> <img decoding=\"async\" class=\"pb-image skip-lazy \" src=\"data:image\/png;base64,iVBORw0KGgoAAAANSUhEUgAAAAEAAAABCAYAAAAfFcSJAAAADUlEQVR42mNkYPhfDwAChwGA60e6kgAAAABJRU5ErkJggg==\" data-pb-source=\"https:\/\/hysao.art\/wp-content\/uploads\/2026\/04\/20260412_113053-le-vent-appelle-un-miracle.jpg\" alt=\"Un secret de la foret La brise caresse tes joues, Le vent fort te cingle le visage La brise fait fr\u00e9mir des feuilles, Le vent fort fait tressaillir des arbres Le vent fort avec l\u2019\u00e9clair, une histoire commence C'est un secret de la foret. Un oiseau noir pi\u00e8ge et un oiseau blanc vient a son secours. Voila un conte n\u00e9e.\"> <noscript><img decoding=\"async\" src=\"https:\/\/hysao.art\/wp-content\/uploads\/2026\/04\/20260412_113053-le-vent-appelle-un-miracle.jpg\" alt=\"Un secret de la foret La brise caresse tes joues, Le vent fort te cingle le visage La brise fait fr\u00e9mir des feuilles, Le vent fort fait tressaillir des arbres Le vent fort avec l\u2019\u00e9clair, une histoire commence C'est un secret de la foret. Un oiseau noir pi\u00e8ge et un oiseau blanc vient a son secours. Voila un conte n\u00e9e.\"><\/noscript> <a class=\"pb-link \" data-magnific=\"gallery-13\" data-caption=\"pigment, encre de chine,blanc de chine 70cm x 70cm\" rel=\"\" target=\"\" href=\"https:\/\/hysao.art\/wp-content\/uploads\/2026\/04\/20260412_113053-le-vent-appelle-un-miracle.jpg\"> <div class=\"pb-overlay\" style=\"\"> <div class=\"pb-caption-top\"> <span class=\"pb-title pb-caption-center\" style=\"\">Un secret de la foret La brise caresse tes joues, Le vent fort te cingle le visage La brise fait fr\u00e9mir des feuilles, Le vent fort fait tressaillir des arbres Le vent fort avec l\u2019\u00e9clair, une histoire commence C'est un secret de la foret. Un oiseau noir pi\u00e8ge et un oiseau blanc vient a son secours. Voila un conte n\u00e9e.<\/span> <span class=\"pb-description pb-caption-center\" style=\"\">pigment, encre de chine,blanc de chine 70cm x 70cm<\/span> <\/div> <\/div> <\/a> <\/div> <div class=\"pb-block with-text with-social-or-text pb-landscape pb-height pb-type-image \" style=\"\" data-filters=\"\" data-colspan=\"2\" data-rowspan=\"1\" data-col=\"2\" data-row=\"0\" data-valign=\"center\" data-halign=\"center\" data-type=\"image\" data-ratio=\"1.3322734499205\"> <img decoding=\"async\" class=\"pb-image skip-lazy \" src=\"data:image\/png;base64,iVBORw0KGgoAAAANSUhEUgAAAAEAAAABCAYAAAAfFcSJAAAADUlEQVR42mNkYPhfDwAChwGA60e6kgAAAABJRU5ErkJggg==\" data-pb-source=\"https:\/\/hysao.art\/wp-content\/uploads\/2026\/03\/vers-le-ciel.jpg\" alt=\"Vers le ciel ( M\u00eame les feuilles tombent,m\u00eame il fasse un hiver rude, les arbres vont vers le ciel!)\"> <noscript><img decoding=\"async\" src=\"https:\/\/hysao.art\/wp-content\/uploads\/2026\/03\/vers-le-ciel.jpg\" alt=\"Vers le ciel ( M\u00eame les feuilles tombent,m\u00eame il fasse un hiver rude, les arbres vont vers le ciel!)\"><\/noscript> <a class=\"pb-link \" data-magnific=\"gallery-13\" data-caption=\"encre de chine,blanc de chine et pigments 65cm x 92cm\" rel=\"\" target=\"\" href=\"https:\/\/hysao.art\/wp-content\/uploads\/2026\/03\/vers-le-ciel.jpg\"> <div class=\"pb-overlay\" style=\"\"> <div class=\"pb-caption-top\"> <span class=\"pb-title pb-caption-center\" style=\"\">Vers le ciel ( M\u00eame les feuilles tombent,m\u00eame il fasse un hiver rude, les arbres vont vers le ciel!)<\/span> <span class=\"pb-description pb-caption-center\" style=\"\">encre de chine,blanc de chine et pigments 65cm x 92cm<\/span> <\/div> <\/div> <\/a> <\/div> <div class=\"pb-block with-text with-social-or-text pb-portrait pb-height pb-type-image \" style=\"\" data-filters=\"\" data-colspan=\"2\" data-rowspan=\"1\" data-col=\"0\" data-row=\"1\" data-valign=\"center\" data-halign=\"center\" data-type=\"image\" data-ratio=\"0.80433039294306\"> <img decoding=\"async\" class=\"pb-image skip-lazy \" src=\"data:image\/png;base64,iVBORw0KGgoAAAANSUhEUgAAAAEAAAABCAYAAAAfFcSJAAAADUlEQVR42mNkYPhfDwAChwGA60e6kgAAAABJRU5ErkJggg==\" data-pb-source=\"https:\/\/hysao.art\/wp-content\/uploads\/2026\/03\/Silence-du-montagnes.jpg\" alt=\"Silence du montagnes\"> <noscript><img decoding=\"async\" src=\"https:\/\/hysao.art\/wp-content\/uploads\/2026\/03\/Silence-du-montagnes.jpg\" alt=\"Silence du montagnes\"><\/noscript> <a class=\"pb-link \" data-magnific=\"gallery-13\" data-caption=\"encre de chine, d'or et d'argent , blanc de chine 65cm x 92cm\" rel=\"\" target=\"\" href=\"https:\/\/hysao.art\/wp-content\/uploads\/2026\/03\/Silence-du-montagnes.jpg\"> <div class=\"pb-overlay\" style=\"\"> <div class=\"pb-caption-top\"> <span class=\"pb-title pb-caption-center\" style=\"\">Silence du montagnes<\/span> <span class=\"pb-description pb-caption-center\" style=\"\">encre de chine, d'or et d'argent , blanc de chine 65cm x 92cm<\/span> <\/div> <\/div> <\/a> <\/div> <div class=\"pb-block with-text with-social-or-text pb-landscape pb-width pb-type-image \" style=\"\" data-filters=\"\" data-colspan=\"1\" data-rowspan=\"1\" data-col=\"2\" data-row=\"1\" data-valign=\"center\" data-halign=\"center\" data-type=\"image\" data-ratio=\"1.000987654321\"> <img decoding=\"async\" class=\"pb-image skip-lazy \" src=\"data:image\/png;base64,iVBORw0KGgoAAAANSUhEUgAAAAEAAAABCAYAAAAfFcSJAAAADUlEQVR42mNkYPhfDwAChwGA60e6kgAAAABJRU5ErkJggg==\" data-pb-source=\"https:\/\/hysao.art\/wp-content\/uploads\/2026\/03\/auelque-chose-.jpg\" alt=\"r\u00e9\u00e9quilibre\"> <noscript><img decoding=\"async\" src=\"https:\/\/hysao.art\/wp-content\/uploads\/2026\/03\/auelque-chose-.jpg\" alt=\"r\u00e9\u00e9quilibre\"><\/noscript> <a class=\"pb-link \" data-magnific=\"gallery-13\" data-caption=\"encre de chine et pigments avec cadre 25cm x 25cm\" rel=\"\" target=\"\" href=\"https:\/\/hysao.art\/wp-content\/uploads\/2026\/03\/auelque-chose-.jpg\"> <div class=\"pb-overlay\" style=\"\"> <div class=\"pb-caption-top\"> <span class=\"pb-title pb-caption-center\" style=\"\">r\u00e9\u00e9quilibre<\/span> <span class=\"pb-description pb-caption-center\" style=\"\">encre de chine et pigments avec cadre 25cm x 25cm<\/span> <\/div> <\/div> <\/a> <\/div> <div class=\"pb-block with-text with-social-or-text pb-portrait pb-height pb-type-image \" style=\"\" data-filters=\"\" data-colspan=\"1\" data-rowspan=\"1\" data-col=\"3\" data-row=\"1\" data-valign=\"center\" data-halign=\"center\" data-type=\"image\" data-ratio=\"0.75035936751318\"> <img decoding=\"async\" class=\"pb-image skip-lazy \" src=\"data:image\/png;base64,iVBORw0KGgoAAAANSUhEUgAAAAEAAAABCAYAAAAfFcSJAAAADUlEQVR42mNkYPhfDwAChwGA60e6kgAAAABJRU5ErkJggg==\" data-pb-source=\"https:\/\/hysao.art\/wp-content\/uploads\/2026\/03\/abstrait.jpg\" alt=\"R\u00eave plofond\"> <noscript><img decoding=\"async\" src=\"https:\/\/hysao.art\/wp-content\/uploads\/2026\/03\/abstrait.jpg\" alt=\"R\u00eave plofond\"><\/noscript> <a class=\"pb-link \" data-magnific=\"gallery-13\" data-caption=\"encre de chine et pigment avec la calligraphie 31cm x 25cm\" rel=\"\" target=\"\" href=\"https:\/\/hysao.art\/wp-content\/uploads\/2026\/03\/abstrait.jpg\"> <div class=\"pb-overlay\" style=\"\"> <div class=\"pb-caption-top\"> <span class=\"pb-title pb-caption-center\" style=\"\">R\u00eave plofond<\/span> <span class=\"pb-description pb-caption-center\" style=\"\">encre de chine et pigment avec la calligraphie 31cm x 25cm<\/span> <\/div> <\/div> <\/a> <\/div> <div class=\"pb-block with-text with-social-or-text pb-landscape pb-width pb-type-image \" style=\"\" data-filters=\"\" data-colspan=\"1\" data-rowspan=\"1\" data-col=\"0\" data-row=\"2\" data-valign=\"center\" data-halign=\"center\" data-type=\"image\" data-ratio=\"1.0006752194463\"> <img decoding=\"async\" class=\"pb-image skip-lazy \" src=\"data:image\/png;base64,iVBORw0KGgoAAAANSUhEUgAAAAEAAAABCAYAAAAfFcSJAAAADUlEQVR42mNkYPhfDwAChwGA60e6kgAAAABJRU5ErkJggg==\" data-pb-source=\"https:\/\/hysao.art\/wp-content\/uploads\/2026\/03\/etrange-fruit-.jpg\" alt=\"fruit singulier\"> <noscript><img decoding=\"async\" src=\"https:\/\/hysao.art\/wp-content\/uploads\/2026\/03\/etrange-fruit-.jpg\" alt=\"fruit singulier\"><\/noscript> <a class=\"pb-link \" data-magnific=\"gallery-13\" data-caption=\"encre de chine et pigment avec cadre 25cm x 25cm\" rel=\"\" target=\"\" href=\"https:\/\/hysao.art\/wp-content\/uploads\/2026\/03\/etrange-fruit-.jpg\"> <div class=\"pb-overlay\" style=\"\"> <div class=\"pb-caption-top\"> <span class=\"pb-title pb-caption-center\" style=\"\">fruit singulier<\/span> <span class=\"pb-description pb-caption-center\" style=\"\">encre de chine et pigment avec cadre 25cm x 25cm<\/span> <\/div> <\/div> <\/a> <\/div> <div class=\"pb-block with-text with-social-or-text pb-landscape pb-width pb-type-image \" style=\"\" data-filters=\"\" data-colspan=\"1\" data-rowspan=\"1\" data-col=\"1\" data-row=\"2\" data-valign=\"center\" data-halign=\"center\" data-type=\"image\" data-ratio=\"1.001178550383\"> <img decoding=\"async\" class=\"pb-image skip-lazy \" src=\"data:image\/png;base64,iVBORw0KGgoAAAANSUhEUgAAAAEAAAABCAYAAAAfFcSJAAAADUlEQVR42mNkYPhfDwAChwGA60e6kgAAAABJRU5ErkJggg==\" data-pb-source=\"https:\/\/hysao.art\/wp-content\/uploads\/2026\/03\/20260228_164735.jpg\" alt=\"cerisier avec Waka de KInotomonori VENDU\"> <noscript><img decoding=\"async\" src=\"https:\/\/hysao.art\/wp-content\/uploads\/2026\/03\/20260228_164735.jpg\" alt=\"cerisier avec Waka de KInotomonori VENDU\"><\/noscript> <a class=\"pb-link \" data-magnific=\"gallery-13\" data-caption=\"encre de chine et pigments avec cadre 31cm x31cm\" rel=\"\" target=\"\" href=\"https:\/\/hysao.art\/wp-content\/uploads\/2026\/03\/20260228_164735.jpg\"> <div class=\"pb-overlay\" style=\"\"> <div class=\"pb-caption-top\"> <span class=\"pb-title pb-caption-center\" style=\"\">cerisier avec Waka de KInotomonori VENDU<\/span> <span class=\"pb-description pb-caption-center\" style=\"\">encre de chine et pigments avec cadre 31cm x31cm<\/span> <\/div> <\/div> <\/a> <\/div> <div class=\"pb-block with-text with-social-or-text pb-landscape pb-width pb-type-image \" style=\"\" data-filters=\"\" data-colspan=\"1\" data-rowspan=\"1\" data-col=\"2\" data-row=\"2\" data-valign=\"center\" data-halign=\"center\" data-type=\"image\" data-ratio=\"1.0009813542689\"> <img decoding=\"async\" class=\"pb-image skip-lazy \" src=\"data:image\/png;base64,iVBORw0KGgoAAAANSUhEUgAAAAEAAAABCAYAAAAfFcSJAAAADUlEQVR42mNkYPhfDwAChwGA60e6kgAAAABJRU5ErkJggg==\" data-pb-source=\"https:\/\/hysao.art\/wp-content\/uploads\/2026\/02\/20260125_113214.jpg\" alt=\"R\u00eave\"> <noscript><img decoding=\"async\" src=\"https:\/\/hysao.art\/wp-content\/uploads\/2026\/02\/20260125_113214.jpg\" alt=\"R\u00eave\"><\/noscript> <a class=\"pb-link \" data-magnific=\"gallery-13\" data-caption=\"encre de chine et encre d'or 13cm x 13cm avec carde 27,5 cm x 22,5cm\" rel=\"\" target=\"\" href=\"https:\/\/hysao.art\/wp-content\/uploads\/2026\/02\/20260125_113214.jpg\"> <div class=\"pb-overlay\" style=\"\"> <div class=\"pb-caption-top\"> <span class=\"pb-title pb-caption-center\" style=\"\">R\u00eave<\/span> <span class=\"pb-description pb-caption-center\" style=\"\">encre de chine et encre d'or 13cm x 13cm avec carde 27,5 cm x 22,5cm<\/span> <\/div> <\/div> <\/a> <\/div> <div class=\"pb-block with-text with-social-or-text pb-portrait pb-height pb-type-image \" style=\"\" data-filters=\"\" data-colspan=\"1\" data-rowspan=\"1\" data-col=\"3\" data-row=\"2\" data-valign=\"center\" data-halign=\"center\" data-type=\"image\" data-ratio=\"0.741796875\"> <img decoding=\"async\" class=\"pb-image skip-lazy \" src=\"data:image\/png;base64,iVBORw0KGgoAAAANSUhEUgAAAAEAAAABCAYAAAAfFcSJAAAADUlEQVR42mNkYPhfDwAChwGA60e6kgAAAABJRU5ErkJggg==\" data-pb-source=\"https:\/\/hysao.art\/wp-content\/uploads\/2026\/02\/20260204_142056-scaled.jpg\" alt=\"\u00c9clat\"> <noscript><img decoding=\"async\" src=\"https:\/\/hysao.art\/wp-content\/uploads\/2026\/02\/20260204_142056-scaled.jpg\" alt=\"\u00c9clat\"><\/noscript> <a class=\"pb-link \" data-magnific=\"gallery-13\" data-caption=\"encre de chine et pigment support sur le bois 35cm x 27cm\" rel=\"\" target=\"\" href=\"https:\/\/hysao.art\/wp-content\/uploads\/2026\/02\/20260204_142056-scaled.jpg\"> <div class=\"pb-overlay\" style=\"\"> <div class=\"pb-caption-top\"> <span class=\"pb-title pb-caption-center\" style=\"\">\u00c9clat<\/span> <span class=\"pb-description pb-caption-center\" style=\"\">encre de chine et pigment support sur le bois 35cm x 27cm<\/span> <\/div> <\/div> <\/a> <\/div> <div class=\"pb-block with-text with-social-or-text pb-portrait pb-height pb-type-image \" style=\"\" data-filters=\"\" data-colspan=\"1\" data-rowspan=\"1\" data-col=\"0\" data-row=\"3\" data-valign=\"center\" data-halign=\"center\" data-type=\"image\" data-ratio=\"0.75068870523416\"> <img decoding=\"async\" class=\"pb-image skip-lazy \" src=\"data:image\/png;base64,iVBORw0KGgoAAAANSUhEUgAAAAEAAAABCAYAAAAfFcSJAAAADUlEQVR42mNkYPhfDwAChwGA60e6kgAAAABJRU5ErkJggg==\" data-pb-source=\"https:\/\/hysao.art\/wp-content\/uploads\/2026\/03\/20260208_100331.jpg\" alt=\"tourbillon VENDU\"> <noscript><img decoding=\"async\" src=\"https:\/\/hysao.art\/wp-content\/uploads\/2026\/03\/20260208_100331.jpg\" alt=\"tourbillon VENDU\"><\/noscript> <a class=\"pb-link \" data-magnific=\"gallery-13\" data-caption=\"encre de chine , encre d'acrylique collage\" rel=\"\" target=\"\" href=\"https:\/\/hysao.art\/wp-content\/uploads\/2026\/03\/20260208_100331.jpg\"> <div class=\"pb-overlay\" style=\"\"> <div class=\"pb-caption-top\"> <span class=\"pb-title pb-caption-center\" style=\"\">tourbillon VENDU<\/span> <span class=\"pb-description pb-caption-center\" style=\"\">encre de chine , encre d'acrylique collage<\/span> <\/div> <\/div> <\/a> <\/div> <div class=\"pb-block with-text with-social-or-text pb-portrait pb-height pb-type-image \" style=\"\" data-filters=\"\" data-colspan=\"1\" data-rowspan=\"1\" data-col=\"1\" data-row=\"3\" data-valign=\"center\" data-halign=\"center\" data-type=\"image\" data-ratio=\"0.750390625\"> <img decoding=\"async\" class=\"pb-image skip-lazy \" src=\"data:image\/png;base64,iVBORw0KGgoAAAANSUhEUgAAAAEAAAABCAYAAAAfFcSJAAAADUlEQVR42mNkYPhfDwAChwGA60e6kgAAAABJRU5ErkJggg==\" data-pb-source=\"https:\/\/hysao.art\/wp-content\/uploads\/2026\/03\/arbres-ancetres-scaled.jpg\" alt=\"Arbre g\u00e9n\u00e9alogique\"> <noscript><img decoding=\"async\" src=\"https:\/\/hysao.art\/wp-content\/uploads\/2026\/03\/arbres-ancetres-scaled.jpg\" alt=\"Arbre g\u00e9n\u00e9alogique\"><\/noscript> <a class=\"pb-link \" data-magnific=\"gallery-13\" data-caption=\"encre de chines,pigments et etc avec le cadre 44cm x 34cm\" rel=\"\" target=\"\" href=\"https:\/\/hysao.art\/wp-content\/uploads\/2026\/03\/arbres-ancetres-scaled.jpg\"> <div class=\"pb-overlay\" style=\"\"> <div class=\"pb-caption-top\"> <span class=\"pb-title pb-caption-center\" style=\"\">Arbre g\u00e9n\u00e9alogique<\/span> <span class=\"pb-description pb-caption-center\" style=\"\">encre de chines,pigments et etc avec le cadre 44cm x 34cm<\/span> <\/div> <\/div> <\/a> <\/div> <div class=\"pb-block with-text with-social-or-text pb-portrait pb-height pb-type-image \" style=\"\" data-filters=\"\" data-colspan=\"1\" data-rowspan=\"1\" data-col=\"2\" data-row=\"3\" data-valign=\"center\" data-halign=\"center\" data-type=\"image\" data-ratio=\"0.6671875\"> <img decoding=\"async\" class=\"pb-image skip-lazy \" src=\"data:image\/png;base64,iVBORw0KGgoAAAANSUhEUgAAAAEAAAABCAYAAAAfFcSJAAAADUlEQVR42mNkYPhfDwAChwGA60e6kgAAAABJRU5ErkJggg==\" data-pb-source=\"https:\/\/hysao.art\/wp-content\/uploads\/2026\/03\/20260208_142812-scaled.jpg\" alt=\"m\u00e9lancolie\"> <noscript><img decoding=\"async\" src=\"https:\/\/hysao.art\/wp-content\/uploads\/2026\/03\/20260208_142812-scaled.jpg\" alt=\"m\u00e9lancolie\"><\/noscript> <a class=\"pb-link \" data-magnific=\"gallery-13\" data-caption=\"encre de chine et pigments avec cadre 44cm x 34cm texte d'Hysao\" rel=\"\" target=\"\" href=\"https:\/\/hysao.art\/wp-content\/uploads\/2026\/03\/20260208_142812-scaled.jpg\"> <div class=\"pb-overlay\" style=\"\"> <div class=\"pb-caption-top\"> <span class=\"pb-title pb-caption-center\" style=\"\">m\u00e9lancolie<\/span> <span class=\"pb-description pb-caption-center\" style=\"\">encre de chine et pigments avec cadre 44cm x 34cm texte d'Hysao<\/span> <\/div> <\/div> <\/a> <\/div> <div class=\"pb-block with-text with-social-or-text pb-portrait pb-height pb-type-image \" style=\"\" data-filters=\"\" data-colspan=\"1\" data-rowspan=\"1\" data-col=\"3\" data-row=\"3\" data-valign=\"center\" data-halign=\"center\" data-type=\"image\" data-ratio=\"1\"> <img decoding=\"async\" class=\"pb-image skip-lazy \" src=\"data:image\/png;base64,iVBORw0KGgoAAAANSUhEUgAAAAEAAAABCAYAAAAfFcSJAAAADUlEQVR42mNkYPhfDwAChwGA60e6kgAAAABJRU5ErkJggg==\" data-pb-source=\"https:\/\/hysao.art\/wp-content\/uploads\/2026\/02\/les-conversation-des-fleurs.jpg\" alt=\"Printemps\"> <noscript><img decoding=\"async\" src=\"https:\/\/hysao.art\/wp-content\/uploads\/2026\/02\/les-conversation-des-fleurs.jpg\" alt=\"Printemps\"><\/noscript> <a class=\"pb-link \" data-magnific=\"gallery-13\" data-caption=\"encre de chine et pigments 50cm x 65cm texte d'Hysao\" rel=\"\" target=\"\" href=\"https:\/\/hysao.art\/wp-content\/uploads\/2026\/02\/les-conversation-des-fleurs.jpg\"> <div class=\"pb-overlay\" style=\"\"> <div class=\"pb-caption-top\"> <span class=\"pb-title pb-caption-center\" style=\"\">Printemps<\/span> <span class=\"pb-description pb-caption-center\" style=\"\">encre de chine et pigments 50cm x 65cm texte d'Hysao<\/span> <\/div> <\/div> <\/a> <\/div> <div class=\"pb-block with-text with-social-or-text pb-portrait pb-height pb-type-image \" style=\"\" data-filters=\"\" data-colspan=\"1\" data-rowspan=\"1\" data-col=\"0\" data-row=\"4\" data-valign=\"center\" data-halign=\"center\" data-type=\"image\" data-ratio=\"0.75472490550189\"> <img decoding=\"async\" class=\"pb-image skip-lazy \" src=\"data:image\/png;base64,iVBORw0KGgoAAAANSUhEUgAAAAEAAAABCAYAAAAfFcSJAAAADUlEQVR42mNkYPhfDwAChwGA60e6kgAAAABJRU5ErkJggg==\" data-pb-source=\"https:\/\/hysao.art\/wp-content\/uploads\/2026\/03\/les-miltiples-terres.jpg\" alt=\"les multiples facettes de la Terre\"> <noscript><img decoding=\"async\" src=\"https:\/\/hysao.art\/wp-content\/uploads\/2026\/03\/les-miltiples-terres.jpg\" alt=\"les multiples facettes de la Terre\"><\/noscript> <a class=\"pb-link \" data-magnific=\"gallery-13\" data-caption=\"encre de chine, pigment 60cm x 80cm\" rel=\"\" target=\"\" href=\"https:\/\/hysao.art\/wp-content\/uploads\/2026\/03\/les-miltiples-terres.jpg\"> <div class=\"pb-overlay\" style=\"\"> <div class=\"pb-caption-top\"> <span class=\"pb-title pb-caption-center\" style=\"\">les multiples facettes de la Terre<\/span> <span class=\"pb-description pb-caption-center\" style=\"\">encre de chine, pigment 60cm x 80cm<\/span> <\/div> <\/div> <\/a> <\/div> <div class=\"pb-block with-text with-social-or-text pb-portrait pb-height pb-type-image \" style=\"\" data-filters=\"\" data-colspan=\"1\" data-rowspan=\"1\" data-col=\"1\" data-row=\"4\" data-valign=\"center\" data-halign=\"center\" data-type=\"image\" data-ratio=\"0.75078125\"> <img decoding=\"async\" class=\"pb-image skip-lazy \" src=\"data:image\/png;base64,iVBORw0KGgoAAAANSUhEUgAAAAEAAAABCAYAAAAfFcSJAAAADUlEQVR42mNkYPhfDwAChwGA60e6kgAAAABJRU5ErkJggg==\" data-pb-source=\"https:\/\/hysao.art\/wp-content\/uploads\/2026\/03\/univers-scaled.jpg\" alt=\"les \u00e9toiles dans l\u2019\u00e9tang de Lotus\"> <noscript><img decoding=\"async\" src=\"https:\/\/hysao.art\/wp-content\/uploads\/2026\/03\/univers-scaled.jpg\" alt=\"les \u00e9toiles dans l\u2019\u00e9tang de Lotus\"><\/noscript> <a class=\"pb-link \" data-magnific=\"gallery-13\" data-caption=\"blanc de chine, pigment et encre d'argent,encre de chine la papier de riz maroufle sur le bois 70cm x 50cm\" rel=\"\" target=\"\" href=\"https:\/\/hysao.art\/wp-content\/uploads\/2026\/03\/univers-scaled.jpg\"> <div class=\"pb-overlay\" style=\"\"> <div class=\"pb-caption-top\"> <span class=\"pb-title pb-caption-center\" style=\"\">les \u00e9toiles dans l\u2019\u00e9tang de Lotus<\/span> <span class=\"pb-description pb-caption-center\" style=\"\">blanc de chine, pigment et encre d'argent,encre de chine la papier de riz maroufle sur le bois 70cm x 50cm<\/span> <\/div> <\/div> <\/a> <\/div> <\/div><\/div><div id=\"photoblocks-fancybox-13\"><\/div><script>jQuery(function () { var p = new PhotoBlocks({ selector: \"#photoblocks-13\", columns: 4, padding: 5, disable_below: 320, on: { before: function () { }, after: function () { }, refresh: function () { } }, mobile_layout: [], lazy: false, debug: false }); jQuery(\"#photoblocks-13\").magnificPopup({ delegate: \".pb-block:not(.pb-filtered) [data-magnific]\", type: \"image\", gallery: { enabled: true, preload: [0,2] }, image: { titleSrc: 'data-caption' }, mainClass: \"mfp-13\" }); });<\/script>\n\n\n\n<p><\/p>\n","protected":false},"excerpt":{"rendered":"","protected":false},"author":1,"featured_media":0,"parent":0,"menu_order":0,"comment_status":"closed","ping_status":"closed","template":"","meta":{"footnotes":""},"class_list":["post-2011","page","type-page","status-publish","hentry"],"_links":{"self":[{"href":"https:\/\/hysao.art\/index.php?rest_route=\/wp\/v2\/pages\/2011","targetHints":{"allow":["GET"]}}],"collection":[{"href":"https:\/\/hysao.art\/index.php?rest_route=\/wp\/v2\/pages"}],"about":[{"href":"https:\/\/hysao.art\/index.php?rest_route=\/wp\/v2\/types\/page"}],"author":[{"embeddable":true,"href":"https:\/\/hysao.art\/index.php?rest_route=\/wp\/v2\/users\/1"}],"replies":[{"embeddable":true,"href":"https:\/\/hysao.art\/index.php?rest_route=%2Fwp%2Fv2%2Fcomments&post=2011"}],"version-history":[{"count":2,"href":"https:\/\/hysao.art\/index.php?rest_route=\/wp\/v2\/pages\/2011\/revisions"}],"predecessor-version":[{"id":2013,"href":"https:\/\/hysao.art\/index.php?rest_route=\/wp\/v2\/pages\/2011\/revisions\/2013"}],"wp:attachment":[{"href":"https:\/\/hysao.art\/index.php?rest_route=%2Fwp%2Fv2%2Fmedia&parent=2011"}],"curies":[{"name":"wp","href":"https:\/\/api.w.org\/{rel}","templated":true}]}}